{"id":7,"date":"2016-01-29T09:54:12","date_gmt":"2016-01-29T08:54:12","guid":{"rendered":"http:\/\/www.mojahiszpania.eu\/?page_id=7"},"modified":"2016-05-16T16:04:31","modified_gmt":"2016-05-16T14:04:31","slug":"atrakcje","status":"publish","type":"page","link":"https:\/\/www.mojahiszpania.eu\/index.php\/atrakcje\/","title":{"rendered":"Atrakcje"},"content":{"rendered":"<p><strong>TERRA MITICA &#8211; park rozrywki dla ca\u0142ej rodziny<\/strong><\/p>\n<p style=\"text-align: justify;\">Amatorzy zabawy na pewno nie omin\u0105 Terra Mitica \u2013 wspania\u0142ego parku tematycznego w okolicach Benidormu i jednego z najwi\u0119kszych w Europie. To\u00a0nie tylko atrakcje dla najm\u0142odszych. Karuzele, kolejki g\u00f3rskie,\u00a0zje\u017cd\u017calnie przyci\u0105gaj\u0105 r\u00f3wnie\u017c setki tysi\u0119cy doros\u0142ych. Park podzielony jest na regiony: Egipt, Grecja, Staro\u017cytny Rzym, Iberia, Wyspy \u015br\u00f3dziemnomorskie. Atrakcje znajd\u0105 nie tylko doro\u015bli pragn\u0105cy dawki adrenaliny, ale r\u00f3wnie\u017c najm\u0142odsi, dla kt\u00f3rych przygotowano a\u017c 15 r\u00f3\u017cnych karuzel &#8211; replik dla doros\u0142ych. Ka\u017cdego roku znajdziecie co\u015b nowego w Terra Mitica. Park znajduje si\u0119 w miejscowo\u015bci BENIDORM, nieco ponad godzin\u0119 drogi cz\u0119\u015bciowo p\u0142atn\u0105 autostrad\u0105 od naszych apartament\u00f3w.\u00a0Terra Mitica jest czynna od\u00a010.00 do 01.00 w nocy,w czasie lata (lipiec i sierpie\u0144) i od 10.00 do 20.00 w kwietniu, maju i wrze\u015bniu. Od pa\u017adziernika do grudnia czynne tylko w weekendy. Park jest nieczynny od stycznia do marca.\u00a0Dni i godziny otwarcia oraz cennik znajdziesz na stronie <a href=\"http:\/\/www.terramiticapark.com\/\">www.terramiticapark.com<\/a><\/p>\n<p style=\"text-align: justify;\">Bilety: Dzieci od\u00a00-4 are bezp\u0142atnie.<br \/>\nJunior Ticket dla dzieci od 5-10.<br \/>\nSenior Ticket dla doros\u0142ych powy\u017cej 60.<br \/>\n2 dniowy bilet jest wa\u017cny na dwa kolejne dni.<br \/>\nPopo\u0142udniowy bilet jest wa\u017cny od 15.00 do 22.00, a latem od 16.00 do 01.00.<\/p>\n<p style=\"text-align: justify;\">Mo\u017cesz kupi\u0107 bilet online przed przybyciem, wydrukowa\u0107 i okaza\u0107 w dniu wizyty. Jednak warto poszuka\u0107 okazji w Benidormie &#8211; Terra Mitica kiosk (Benidorm,\u00a0Avda. Atmella de Mar) w pobli\u017cu Burger Kinga na ko\u0144cu pla\u017cy Playa Levante da Ci kupon rabatowy. Sprawd\u017a r\u00f3wnie\u017c oferty w McDonalds w Benidorm, czasami kupuj\u0105c np. zestaw Happy Meal otrzymasz 2 bilety w cenie 1 do Terra Mitica.<\/p>\n<p><strong>AQUAPARKI &#8211; Torrevieja, Murcia, Benidorm<\/strong><\/p>\n<p style=\"text-align: justify;\">Najbli\u017cszy aquapark znajduje si\u0119 w Torrevieja &#8211; zaledwie 10 minut jazdy samochodem od apartamentu. Jest to do\u015b\u0107 niewielki park wodny, ale mo\u017cna tam znale\u017a\u0107 ciekawe, nie spotykane gdzie indziej atrakcje wodne. Szczeg\u00f3\u0142y na stronie <a href=\"http:\/\/www.torrevieja.aquopolis.es\">www.torrevieja.aquopolis.es<\/a><\/p>\n<p style=\"text-align: justify;\">My polecamy jednak aquapark w Murcia &#8211; Terra Natura, zaledwie 50 minut\u00a0drogi samochodem, gdzie opr\u00f3cz aquaparku znajduje si\u0119 wspania\u0142e ZOO.\u00a0Mo\u017cna zakupi\u0107 bilet na atrakcje wodne lub \u0142\u0105czony z ZOO (czasem na stronie internetowej parku lub na lotnisku oraz w centrach informacji turystycznej s\u0105\u00a0promocje 2 w cenie 1). Droga do tej atrakcji wiedzie bezp\u0142atn\u0105 autostrad\u0105 oraz drog\u0105 ekspresow\u0105. Ofert\u0119 parku znajdziecie na\u00a0<a href=\"http:\/\/www.torrevieja.aquopolis.es\">www.terranatura.com<\/a><\/p>\n<p style=\"text-align: justify;\">Kolejny, polecany przez nas i zarazem najwi\u0119kszy aquapark, z ekstremalnymi\u00a0zje\u017cd\u017calniami znajduje si\u0119 w Benidormie i nazywa si\u0119 Aqualandia. Jest to\u00a0wyj\u0105tkowo du\u017cy park wodny z atrakcjami dla ma\u0142ych, kilkuletnich dzieci,\u00a0jak i dla doros\u0142ych szukaj\u0105cych prawdziwej adrenaliny. Droga do niego\u00a0zajmuje nieco ponad godzin\u0119 cz\u0119\u015bciowo bezp\u0142atn\u0105 autostrad\u0105. Bilety mo\u017cna zakupi\u0107 na\u00a0<a href=\"http:\/\/www.aqualandia.net\/\">www.aqualandia.net<\/a><\/p>\n<p style=\"text-align: justify;\"><strong>Terminy otwarcia aquapark\u00f3w w 2016 roku<\/strong><br \/>\nAquapolis czynny od 3 czerwca, Terra Natura czynny od 23 maja,\u00a0Aqualandia czynna od 28 maja.<\/p>\n<p style=\"text-align: justify;\"><strong>RIO SAFARI ELCHE &#8211; czyli ZOO dla ma\u0142ych i du\u017cych<\/strong><\/p>\n<p style=\"text-align: justify;\">Zaledwie p\u00f3\u0142 godziny drogi od apartamentu, w\u015br\u00f3d setek tysi\u0119cy drzew palmowych znajduje si\u0119 wspania\u0142e ZOO, z ptakami, ssakami i gadami z ca\u0142ego \u015bwiata. Na pocz\u0105tku obejrze\u0107 mo\u017cna papuzi show, a nast\u0119pnie zwiedzamy ca\u0142y park &#8222;poci\u0105giem&#8221; na ko\u0142ach, po czym obejrze\u0107 mo\u017cemy liczne pokazy ze zwierz\u0119tami w roli g\u0142\u00f3wnej. Szczeg\u00f3\u0142y na stronie <a href=\"http:\/\/riosafari.com\/en\/\">www.riosafari.com<\/a><\/p>\n<p style=\"text-align: justify;\"><strong>UWAGA !!! Aby kupi\u0107 du\u017co taniej bilety nale\u017cy wzi\u0105\u0107 na lotnisku lub w centrum informacji turystycznej w Torrevieja ulotki z kuponem rabatowym. Sporo ta\u0144sze bilety mo\u017cna r\u00f3wnie\u017c kupi\u0107 na stronach internetowych park\u00f3w.<\/strong><\/p>\n<p style=\"text-align: justify;\"><strong>TABARCA &#8211; najmniejsza, stale zamieszkana wyspa Hiszpanii<\/strong><\/p>\n<p style=\"text-align: justify;\">Z pobliskiej Torrevieja lub z r\u00f3wnie uroczej Santa Pola mo\u017cna urz\u0105dzi\u0107 ciekaw\u0105 wycieczk\u0119 statkiem na\u00a0poblisk\u0105 wysepk\u0119 Tabarca. Podr\u00f3\u017c statkiem zajmuje oko\u0142o p\u00f3\u0142 godziny. Bilet w dwie strony z Santa Pola to 10 Euro. Prom odp\u0142ywa i przyp\u0142ywa co 30 minut. Przed portem w Santa Pola jest strze\u017cony parking, gdzie mo\u017cna zostawi\u0107 samoch\u00f3d.\u00a0Jedn\u0105 z najwi\u0119kszych atrakcji wyspy jest podwodny Park Przyrodniczy, za\u0142o\u017cony w 1986 roku. Wok\u00f3\u0142 wyspy utworzono podwodny rezerwat\u00a0marynistyczny. Jest to wspania\u0142e miejsce do nurkowania i nurkowania z\u00a0mask\u0105.\u00a0Wysp\u0119 mo\u017cna obej\u015b\u0107 spacerkiem w 20-30 minut. Na wyspie znajduj\u0105 si\u0119 domy rybak\u00f3w, sklepiki, bary, rynek wype\u0142niony restauracjami, ko\u015bci\u00f3\u0142. Wyspa dzieli si\u0119 na dwie cz\u0119\u015bci &#8211; zamieszka\u0142\u0105 oraz niezamieszka\u0142\u0105, poro\u015bni\u0119t\u0105 dzik\u0105 ro\u015blinno\u015bci\u0105. Na zachodniej cz\u0119\u015bci znajduj\u0105 si\u0119 r\u00f3wnie\u017c ruiny fortu, cmentarz, latarnia morska oraz l\u0119gowiska ptak\u00f3w.<\/p>\n<p style=\"text-align: justify;\">O wyspie poczytacie na\u00a0<a href=\"http:\/\/www.alicanteturismo.com\/tabarca-island\/?lang=en\">www.alicanteturismo.com<\/a>\u00a0oraz na\u00a0<a href=\"http:\/\/www.torrevieja.com\/eng\/what-to-do-in-torrevieja\/boat-trip-to-tabarca-island.html\">www.torrevieja.com<\/a><\/p>\n<p style=\"text-align: justify;\"><strong>Lecznicze b\u0142ota w Lo Pagan przy Mar Menor<\/strong><\/p>\n<p style=\"text-align: justify;\">Niedaleko od apartamentu &#8211; ok. 20 minut jazdy samochodem, w pobli\u017cu piaszczystych pla\u017c Mar Menor (Morze Mniejsze) znajduj\u0105 si\u0119 laguny b\u0142otne. S\u0105 one doskona\u0142ym uzupe\u0142nieniem w leczeniu reumatyzmu i chor\u00f3b sk\u00f3ry. Sk\u0142ad chemiczny tych b\u0142ot przypomina sk\u0142adem b\u0142ota lecznicze w Morzu Martwym. R\u00f3wnie\u017c\u00a0tutejszy mikroklimat wytwarzany przez morze i laguny solne, jest korzystny dla chorych na astm\u0119 i schorzenia serca. Dodatkowym atutem tego miejsca jest to, \u017ce b\u0142ota lecznicze s\u0105 bardzo ma\u0142o rozreklamowane i wypromowane, dzi\u0119ki czemu nie ma tam t\u0142um\u00f3w. Z b\u0142ot korzysta si\u0119 za darmo, wystarczy dojecha\u0107 do Lo Pagan i przej\u015b\u0107 do lagun b\u0142otnych.<\/p>\n<p style=\"text-align: justify;\">Terapeutyczne w\u0142a\u015bciwo\u015bci b\u0142ota i gliny by\u0142y znane od staro\u017cytno\u015bci. Chi\u0144czycy wykorzystywali je od wielu wiek\u00f3w, lecz\u0105c stany zapalne i robi\u0105c z nich ok\u0142ady. Hipokrates (460-337 r.p.n.e.), ojciec medycyny tradycyjnej, zaleca\u0142 stosowanie b\u0142ota do leczenia reumatyzmu. Tak\u017ce Empodokles (490-430 r.p.n.e.), Galen w II wieku i Paracelso w VI wieku, opracowali wiele medykament\u00f3w opartych na bazie b\u0142ota, kt\u00f3re zawieraj\u0105 wiele podstawowych sk\u0142adnik\u00f3w mineralnych, takich jak wap\u0144, magnez, krzemionka, \u017celazo i potas.\u00a0St\u0119\u017cenie jon\u00f3w magnezu, wapnia, sodu i jodu jest\u00a0na Orihuela Costa znacznie wy\u017csze, ni\u017c w innych regionach Morza \u015ar\u00f3dziemnego. Udowodniono, i\u017c termiczna obr\u00f3bka tego typu s\u0142onej wody ma wp\u0142yw na osmotyczn\u0105, \u015br\u00f3dmi\u0105\u017cszow\u0105 tkank\u0119 ludzkiego organizmu i r\u00f3wnie\u017c aktywnie zwi\u0119ksza kr\u0105\u017cenie krwi. W wyniku tego, eliminowane s\u0105 toksyny z organizmu. Dlatego w\u0142a\u015bciwo\u015bci lecznicze b\u0142ot w Lo Pagan s\u0105 por\u00f3wnywalne z w\u0142a\u015bciwo\u015bciami b\u0142ot z Morza Martwego.<\/p>\n<p style=\"text-align: justify;\"><em><strong>Jak korzysta\u0107 z leczniczego b\u0142ota ?<\/strong><\/em><br \/>\nNale\u017cy uda\u0107 si\u0119 do basen\u00f3w b\u0142otnych, kt\u00f3re znajduj\u0105 si\u0119 przy deptaku ci\u0105gn\u0105cym si\u0119 wg\u0142\u0105b Mar Menor. Po przybyciu na miejsce mo\u017cna zobaczy\u0107 wiele os\u00f3b wysmarowanych b\u0142otem. Najlepiej wzi\u0105\u0107 dzieci\u0119ce wiaderko lub skorzysta\u0107 z pojemnik\u00f3w, kt\u00f3re s\u0105 zwykle na brzegu basenu. Wchodzimy do wody &#8211; uwaga, latem i jesieni\u0105 jest bardzo ciep\u0142a, nast\u0119pnie z dna nabieramy b\u0142oto do pojemnika. Nast\u0119pnie nanosimy b\u0142oto na sk\u00f3r\u0119 ca\u0142ego cia\u0142a. Potem nale\u017cy pozostawi\u0107 b\u0142oto do wyschni\u0119cia na s\u0142o\u0144cu. Nast\u0119pnie wracamy do basen\u00f3w z b\u0142otem i sp\u0142ukujemy si\u0119 dok\u0142adnie wod\u0105 z basenu, pozostawiaj\u0105c tam tym samym b\u0142oto. Potem mo\u017ce ju\u017c za\u017cy\u0107 k\u0105pieli w wodzie morskiej, kt\u00f3ra znajduje si\u0119 zaraz po drugiej stronie deptaka przy b\u0142otach. Proces nale\u017cy powt\u00f3rzy\u0107 kilkakrotnie. Najlepiej uda\u0107 si\u0119 kilka razy na &#8222;ok\u0142ady&#8221; z b\u0142ota. UWAGA, b\u0142oto ma specyficzny zapach, przypominaj\u0105cy siarkowod\u00f3r, podobnie jak wody lecznicze w polskich uzdrowiskach. Je\u015bli komu\u015b nie odpowiada kuracja b\u0142otna, mo\u017ce za\u017cywa\u0107 k\u0105pieli morskich i s\u0142onecznych na pla\u017cy znajduj\u0105cej si\u0119 wprost naprzeciw b\u0142otnych lagun.<\/p>\n<p style=\"text-align: justify;\"><strong>Torrevieja &#8211; informacja turystyczna<\/strong><\/p>\n<p style=\"text-align: justify;\">Adres: Paseo Vista Alegre s\/n<br \/>\nKod pocztowy: 03181<br \/>\nMiasto: Torrevieja (Alicante)<br \/>\nTelefon: (+34) 96 570 34 33<br \/>\nFax: (+34) 96 571 59 36<br \/>\nE-mail: torrevieja@touristinfo.net<br \/>\nGodziny otwarcia: Poniedzia\u0142ek &#8211; Pi\u0105tek: 9:00 a 19:00 i Sobota: 10:00 a 14:00<\/p>\n<p><a href=\"https:\/\/www.google.com\/maps\/d\/viewer?mid=zfQ-jYnA4JgU.kuBqDeuhfAek&amp;usp=sharing\">https:\/\/www.google.com\/maps\/d\/viewer?mid=zfQ-jYnA4JgU.kuBqDeuhfAek&amp;usp=sharing<\/a><\/p>\n<p style=\"text-align: justify;\"><img loading=\"lazy\" decoding=\"async\" class=\"alignnone size-full wp-image-167\" src=\"http:\/\/www.mojahiszpania.eu\/wp-content\/uploads\/2016\/01\/tourist_info_torrevieja.jpg\" alt=\"tourist_info_torrevieja\" width=\"638\" height=\"375\" srcset=\"https:\/\/www.mojahiszpania.eu\/wp-content\/uploads\/2016\/01\/tourist_info_torrevieja.jpg 638w, https:\/\/www.mojahiszpania.eu\/wp-content\/uploads\/2016\/01\/tourist_info_torrevieja-300x176.jpg 300w\" sizes=\"auto, (max-width: 638px) 100vw, 638px\" \/><\/p>\n<p style=\"text-align: justify;\"><img loading=\"lazy\" decoding=\"async\" class=\"alignnone size-full wp-image-168\" src=\"http:\/\/www.mojahiszpania.eu\/wp-content\/uploads\/2016\/01\/Torrevieja_mapa_turystyczna.jpg\" alt=\"Torrevieja_mapa_turystyczna\" width=\"600\" height=\"579\" srcset=\"https:\/\/www.mojahiszpania.eu\/wp-content\/uploads\/2016\/01\/Torrevieja_mapa_turystyczna.jpg 600w, https:\/\/www.mojahiszpania.eu\/wp-content\/uploads\/2016\/01\/Torrevieja_mapa_turystyczna-300x290.jpg 300w\" sizes=\"auto, (max-width: 600px) 100vw, 600px\" \/><\/p>\n","protected":false},"excerpt":{"rendered":"<p>TERRA MITICA &#8211; park rozrywki dla ca\u0142ej rodziny Amatorzy zabawy na pewno nie omin\u0105 Terra Mitica \u2013 wspania\u0142ego parku tematycznego w okolicach Benidormu i jednego z najwi\u0119kszych w Europie. To\u00a0nie tylko atrakcje dla najm\u0142odszych. Karuzele, kolejki g\u00f3rskie,\u00a0zje\u017cd\u017calnie przyci\u0105gaj\u0105 r\u00f3wnie\u017c setki tysi\u0119cy doros\u0142ych. Park podzielony jest na regiony: Egipt, Grecja, Staro\u017cytny Rzym, Iberia, Wyspy \u015br\u00f3dziemnomorskie. Atrakcje &hellip; <a href=\"https:\/\/www.mojahiszpania.eu\/index.php\/atrakcje\/\" class=\"more-link\">Czytaj dalej <span class=\"screen-reader-text\">Atrakcje<\/span> <span class=\"meta-nav\">&rarr;<\/span><\/a><\/p>\n","protected":false},"author":1,"featured_media":0,"parent":0,"menu_order":2,"comment_status":"closed","ping_status":"closed","template":"","meta":{"footnotes":""},"class_list":["post-7","page","type-page","status-publish","hentry"],"_links":{"self":[{"href":"https:\/\/www.mojahiszpania.eu\/index.php\/wp-json\/wp\/v2\/pages\/7","targetHints":{"allow":["GET"]}}],"collection":[{"href":"https:\/\/www.mojahiszpania.eu\/index.php\/wp-json\/wp\/v2\/pages"}],"about":[{"href":"https:\/\/www.mojahiszpania.eu\/index.php\/wp-json\/wp\/v2\/types\/page"}],"author":[{"embeddable":true,"href":"https:\/\/www.mojahiszpania.eu\/index.php\/wp-json\/wp\/v2\/users\/1"}],"replies":[{"embeddable":true,"href":"https:\/\/www.mojahiszpania.eu\/index.php\/wp-json\/wp\/v2\/comments?post=7"}],"version-history":[{"count":10,"href":"https:\/\/www.mojahiszpania.eu\/index.php\/wp-json\/wp\/v2\/pages\/7\/revisions"}],"predecessor-version":[{"id":508,"href":"https:\/\/www.mojahiszpania.eu\/index.php\/wp-json\/wp\/v2\/pages\/7\/revisions\/508"}],"wp:attachment":[{"href":"https:\/\/www.mojahiszpania.eu\/index.php\/wp-json\/wp\/v2\/media?parent=7"}],"curies":[{"name":"wp","href":"https:\/\/api.w.org\/{rel}","templated":true}]}}